= -4 - -51. Calculate the remainder when 92 is divided by w.
45
Let z(i) = i + 10. What is the remainder when 9 is divided by z(-5)?
4
Suppose 0*q - q = 7. Let d = q - -8. What is the remainder when d is divided by 1?
0
Let k(b) = 6*b**2 + 2*b - 2. Let s = 46 - -56. What is the remainder when s is divided by k(2)?
24
Suppose 4*t = 3*l + 84, 5*l + 12 = 2*l. Suppose 5*f = 2*f + 15. What is the remainder when t is divided by f?
3
Let n = -4 - -5. Calculate the remainder when 41 - -3 - (-3)/n is divided by 16.
15
Suppose -13 = -3*u + 98. What is the remainder when u is divided by 20?
17
Let o(t) = -18*t - 1. Let x = 25 + -15. Calculate the remainder when o(-1) is divided by x.
7
Suppose -4*n = 3*h - 25, -12 = -2*n - n. Suppose -g + 40 = -h*x, -g + 2*x = -3*x - 38. Calculate the remainder when g is divided by 22.
21
Let w be 3 - (1 - 1)/(-1). Suppose 0*m - w*m = -12. Let n = 27 - 16. Calculate the remainder when n is divided by m.
3
Suppose 4*s - 88 = -0*s. Calculate the remainder when s is divided by (2/4)/((-3)/(-36)).
4
Let n be 3/(-9)*-2*3. Suppose -v + 6 = n*v. Suppose 14 - 2 = v*j. What is the remainder when j is divided by 4?
2
Let m = 46 + -43. Calculate the remainder when 8 is divided by m.
2
Let m = -8 - -11. Let j(o) = 2*o + 3. What is the remainder when (-180)/(-7) + (-4)/(-14) is divided by j(m)?
8
What is the remainder when 3 + (-123)/(-3) - 0 is divided by 15?
14
Let a(k) = 7*k**2 - 6*k - 1. Calculate the remainder when 28 is divided by a(2).
13
Suppose -8*q = -5*q - 279. What is the remainder when q is divided by 16?
13
Let q = -6 - -19. Calculate the remainder when q is divided by 5*1 - (9 + -7).
1
Calculate the remainder when (-4)/14 - (-256)/14 is divided by (-4)/((-8)/(-3)) + (-150)/(-12).
7
Suppose -m + 2*d = -7, -5*d - 11 = m - 3*m. Suppose -3*n - 4*y = -m, 4*n - 75 = -n + 4*y. Calculate the remainder when 10 - 13 - (-38 + 3) is divided by n.
10
Let i = -82 + 59. Let x = i - -32. What is the remainder when 24 is divided by x?
6
Let y = 3 - 2. Let z be (-3 - y)*(-3)/(-6). Let j(n) = -n**3 + n**2 + n. What is the remainder when j(z) is divided by 3?
1
Let i = 16 + -5. Suppose 210 = 7*s - 2*s. What is the remainder when s is divided by i?
9
Suppose -p = 14 - 42. Let b be 7/(-2)*(-16)/p. Calculate the remainder when b/(-2)*1 + 22 is divided by 12.
9
Let b(v) be the first derivative of -v**3/3 - 3*v**2 - 5*v - 1. Let z be b(-4). Suppose -z*j - 5 = -4*j. Calculate the remainder when 9 is divided by j.
4
Let k be 9/(-6)*4/(-6). Calculate the remainder when 8 is divided by 3/(k - 0/3).
2
Calculate the remainder when 41 is divided by (18/3)/(((-16)/(-10))/4).
11
Suppose 3*i + 265 = 3*t + 4*i, 4*t = 4*i + 380. Calculate the remainder when t is divided by 23.
21
Let u be (-10)/(-2*1) + -1. Suppose -u*o + 0*o = 32. What is the remainder when (-4)/5*140/o is divided by 8?
6
Let f(a) = -a**3 + 15*a**2 - 14*a + 5. Let j be f(14). Suppose 2*x - 43 + j = 4*h, -35 = -2*x + 3*h. Calculate the remainder when 22 is divided by x.
9
Calculate the remainder when 10 is divided by 4 - (3 + 2) - -7.
4
Let i(w) = w**2 + w - 3. Let h be i(-3). Suppose h*j = -j + 24. What is the remainder when 2/(-3) - 100/(-6) is divided by j?
4
Suppose -48 = x - 3*x. Suppose 4*p = p + x. Suppose -b = -5*g + 3, 3*b + b - g - 83 = 0. What is the remainder when b is divided by p?
6
What is the remainder when (25 + -28)*(-824)/6 is divided by 59?
58
Let a(r) = r**2 + 2*r - 3. Let w(i) = 6*i + 1. Let v(s) = -6*s. Let n(b) = 4*v(b) + 5*w(b). Calculate the remainder when n(5) is divided by a(3).
11
Let x(q) = q**2 - 5*q + 5. Let w be x(5). Let s = 18 - w. Calculate the remainder when 51 is divided by s.
12
Let p(m) = 5*m**2. Calculate the remainder when 17 is divided by p(-1).
2
Suppose 2*o = 79 + 169. Let s = o + -58. What is the remainder when s is divided by 23?
20
Suppose -h - 5 = 5*o + 9, -4*h - 38 = 2*o. What is the remainder when h*(-4 - (2 + -5)) is divided by 6?
3
Let m be 564/15 - 2/(-5). Suppose -3*h + m - 8 = 0. Calculate the remainder when 39 is divided by h.
9
Suppose 2*x + 4*f = -102, 2*f + 9 = 3*x + 162. Let c be 3*(-3 - x/9). What is the remainder when 4/(-5)*(-580)/c is divided by 20?
18
Suppose -a - 25 = 4*a, a - 95 = -5*t. Suppose t + 16 = 3*y. Calculate the remainder when 34 is divided by y.
10
Let v = 10 + -6. Suppose 10 = 3*d - 2. Suppose 0 = -z + 2*t - 1, 0 = -d*z + t + 7 + 3. Calculate the remainder when v is divided by z.
1
Suppose 5*j - 111 = 189. Suppose -j = -0*g - 5*g. What is the remainder when g is divided by 5?
2
Calculate the remainder when (51/(-153))/((4/258)/(-2)) is divided by 17.
9
Let w be 3*(0 - (-6)/9). Suppose w*q - 14 = q. Let p(r) = -r**3 + 3*r**2 + 3*r + 9. Calculate the remainder when q is divided by p(4).
4
Let v be ((-1)/2)/((-4)/24). Calculate the remainder when 156/36 + (-1)/v is divided by 3.
1
Let j(x) = 2*x - 1. Let n be j(2). Suppose -1 = 4*v - 3*t - 5, 0 = -n*v - t + 3. What is the remainder when 2 is divided by v?
0
Let m(u) = -15*u**2 - 3*u + 1. Let f be m(-3). Let h = -70 - f. Suppose 5*t + 5*k - h = 0, 0 = -2*k - 2*k. What is the remainder when 21 is divided by t?
10
Let x(z) = -10*z**3 - 2*z**2 + 4*z + 1. Let o(r) = -30*r**3 - 5*r**2 + 11*r + 3. Let t(a) = 3*o(a) - 8*x(a). Calculate the remainder when t(-1) is divided by 4.
3
Suppose -6*u + 7*u - 46 = 0. Suppose -4*w + 18 = -u. Calculate the remainder when 63 is divided by w.
15
Suppose -3*s = -2*y + 67, -3*y - s + 56 = -17. What is the remainder when (1 - (-76)/1) + -1 is divided by y?
24
Suppose m = 4*r - 13, 4*m - 23 = 5*r - 4*r. What is the remainder when (42/(-4))/((-6)/16) is divided by 17 + (m + -1)/(-3)?
13
What is the remainder when 16 is divided by -2*(44/(-8) + 0)?
5
Let y = 19 + 56. Calculate the remainder when y is divided by 26.
23
Suppose 10 = 3*u + 5*p + 1, -2*u = -4*p - 6. Suppose -2*i + 50 = u*i. What is the remainder when i is divided by 4?
2
Let k(c) = -c**3 + c**2 - c + 2. Let s be k(0). Suppose 4*u + s*v - 71 - 23 = 0, u + 2*v = 19. What is the remainder when u is divided by 9?
7
Let f(s) = 3*s - 9. Calculate the remainder when 11 is divided by f(4).
2
Suppose -5*x + 0*u = -u - 13, 4*x = -5*u + 22. Suppose -2*j + 30 = 3*j. Suppose 25 = -h + j*h. Calculate the remainder when h is divided by x.
2
Let j be 2/(-3*(-2)/30). Suppose 0 = 5*l - j, u - 22 = -4*l + 7. What is the remainder when u is divided by 11?
10
Let v = -5 + -22. Let f = v + 17. Calculate the remainder when 17 is divided by 4/f*1*-15.
5
Suppose -5*x + 13 = -12. Suppose 8 = p + p. Suppose -12 = -p*f + 20. What is the remainder when f is divided by x?
3
Suppose -3*d + 12 = d. Let y be 2/(-4) + (-6)/(-4). Let r = y - -1. What is the remainder when d is divided by r?
1
Let d(t) = 77*t**3 - t**2 + t - 1. Let v be d(1). Let o = v - 45. Calculate the remainder when o is divided by 11.
9
Let z(h) = 2*h**2 + 3*h - 2. What is the remainder when z(3) is divided by (-1)/(-2 - (-50)/26)?
12
What is the remainder when 34 is divided by (37 + 1)*(-4)/(-8)?
15
Let g(i) = -3*i - 5*i + 5*i + 9 + 2*i. Calculate the remainder when 46 is divided by g(-7).
14
Suppose -4*h - 57 = -5*w, -3*w - h = -4*h - 36. Suppose 0 = c - 7 - 18. What is the remainder when c is divided by w?
7
Let d be 5/(-2)*(-1 - 1). Suppose -4*u + d = z - 6, 0 = u + 5. Calculate the remainder when z is divided by 16.
15
Suppose -4*k + 3*w = -107, -5*w + 0 = -15. Let u = -21 + 31. Calculate the remainder when k is divided by u.
9
Let d be (-12)/(-9)*(-6)/(-2). Let x be 1 - (-1 - d/2). Suppose 0*m - 36 = -x*m. What is the remainder when 26 is divided by m?
8
Suppose -j + 2*j = 0. Suppose -k - 2*k + 42 = j. What is the remainder when 67 is divided by k?
11
Let u(h) = h**2 + 8*h + 15. Calculate the remainder when 10 is divided by u(-6).
1
Let b(n) = 10*n**3 - n**2 - 2*n + 1. Calculate the remainder when 123/4 + 9/36 is divided by b(1).
7
Let l(p) = -p**3 - 2*p**2 - 7*p + 8. What is the remainder when l(-4) is divided by 14?
12
Suppose d + 3 = l + 13, d - 30 = -3*l. Let z = 3 - 3. Suppose 2*p - 3*x - 46 = z, -x + 75 = 3*p - 4*x. Calculate the remainder when p is divided by d.
14
Suppose -p + 2*p = 14. Calculate the remainder when 21 is divided by p.
7
Suppose -3*h + 2 + 85 = 0. Suppose -2*f + 17 = -h. Suppose 0 = -b - 5*b + 264. Calculat